is -3 - (6 + -10 + -6 - -10 - (0 - 8))?
-11
Calculate 0 + 2 + (-3 - -10) - (-4942 - -4949).
2
(-58 - 14 - -59) + -39
-52
9 - (-78 - -137) - -28
-22
What is 1 + -38 - ((17 - (-21 + 23 + -15)) + -16)?
-51
What is -20 + 11 - (-27 - (-6 + -19))?
-7
Evaluate (23 - (-8 + 6)) + 8 - -28.
61
What is 3 - (58 + (20 - (3 - -14) - -14))?
-72
Calculate -2080 + 2114 - (0 + -49).
83
Evaluate 36 + (12 - 69) - -58.
37
What is the value of (260 - 338) + (-22 - -6)?
-94
What is (-79 - -192) + -67 - 41?
5
-59 + (86 - 39 - -42)
30
Calculate 5 - ((-32 - -28) + -36).
45
Evaluate -31 + (49 - (19 - 60)).
59
What is the value of 30 + ((11 - 28) + -17 - -1)?
-3
What is 74 - (42 + -24 - (3 + 9))?
68
(-3683 - -3719) + (-80 - -2)
-42
0 + -17 - (-10 + 54 + 44 + -50)
-55
What is the value of -12 + 36 + -37 + -7 + 30?
10
(-104 - -29) + (-10 + -21 - -16) - (7 + 1)
-98
What is 75 - (3 + 40 + -21)?
53
Evaluate 73 + 21 + -65 + 52.
81
Evaluate (4 - 11) + 4 + 3 - -1 - -7.
8
What is 32 + (-46 - (10 - 20)) + 27?
23
Evaluate (1974 - 1935) + (14 - 4).
49
What is -1 - 76 - -3 - (8 + -22 - -18)?
-78
Evaluate -6 + 15 + 5 + -3 - (190 + -144).
-35
(-79 - -46 - -39) + 111
117
What is 1 + 27 + (-82 - (18 - 53) - -37)?
18
Evaluate -3083 + 3140 - (-5 - 3 - -1).
64
Calculate 38 + 18 + (56 - 84).
28
What is the value of (11 - 1) + (51 - 40) + 11?
32
14 + -5 - ((32 - 18) + 6 - -45)
-56
-10 - (-15 + 10) - (-37 - (-4 - -11))
39
What is the value of (-120 + -32 + 158 - ((-1 - 4) + 1)) + 71?
81
Evaluate (-4 - -41 - 27) + (4 - 1) + 24 + 4.
41
Evaluate 32 + (-41 - 1) + -24.
-34
-3 + -1 - (-344 + (-338 - -654))
24
Evaluate 37 + -9 + 316 + -354.
-10
Calculate 1 + 0 + (19 - ((29 - 36) + -11 - -18)).
20
-282 + 293 + (-1 - 34) - (3 - -2)
-29
What is -49 + 1 + 33 + -17?
-32
Calculate -4 + -1 + -2 - (99 + (30 - 145)).
9
Calculate 0 - (35 - (5 - 0)) - 30.
-60
Calculate -23 - (52 - (68 - 36)).
-43
(7 - (-23 + 16)) + 22 + -31 - (117 - 0)
-112
Evaluate (-21 + -7 - -101) + -29.
44
What is (-4 - 17 - 4 - 14) + 7 + -6 + 8?
-30
What is 20 + (3 + -83 - -45)?
-15
Calculate -39 + (2 + 26 - 21 - 22).
-54
Calculate 12 + 2 + -2 + (-727 - -727).
12
Evaluate (-71 - -78) + (-48 - -1) + 13.
-27
What is the value of 13 - ((1 - 39) + 76) - (2 + 0)?
-27
-222 + 120 - (2 - (-7 - -6 - -15))
-90
What is ((14 - 26) + -12 - 2) + -18?
-44
Calculate 0 + -11 - (-73 - -9 - -3).
50
-73 + -46 + 33 + (0 - -1 - 5) - -12
-78
What is the value of 67 + 9 + 7 + -176?
-93
Evaluate 35 - (33 + -23 - -24).
1
What is the value of -82 - 2 - ((58 - 48) + 0 + -4)?
-90
Evaluate (-32 - -11) + (-1 - -8) - ((3 - -12) + -23).
-6
What is -45 + -2 - (-1537 + 1537)?
-47
What is the value of -92 + 74 - (-6 - 22)?
10
-65 + 76 + -35 + 22 + -17
-19
69 - (66 - (43 - 107))
-61
Calculate -18 + 7 + -22 + -21 + 32.
-22
Evaluate 9 + 3 + 0 + 1 + (8 - (8 - 6)).
19
Calculate 59 + -59 - (7 + (-30 - (4 - 4))).
23
What is the value of 9835 + -9954 - (3 + 7 - (1 - -3) - 3)?
-122
Calculate 12 + -19 + -14 + -3 + (2 - 7 - -2).
-27
What is the value of -28 + 69 + -41 - 0?
0
What is -9 + 71 + (-13 - 31)?
18
Calculate 24 + 175 + -164 + -6 + 0.
29
5 + (-6 - (12 + -14)) - -14 - -13
28
What is the value of (8 - (-3 - (-6 + -11 + -3))) + -89?
-98
Evaluate (9 - (-13 + 50 + -4)) + 1 + -2 + -13.
-38
Calculate 28 - (96 + (-22 - -14 - 23)).
-37
-2450 + 2482 + 1 + -7
26
Evaluate -2723 + 2801 + 0 + -53.
25
Calculate (-30 - (-29 - -74)) + 29.
-46
Evaluate -80 - (-12 + -26 - (-64 - -52)).
-54
17 + -1 + 228 + -318 + 5 + 38
-31
Evaluate 143 + -14 + -246 + 184.
67
What is the value of 3 - (65 + -38 - 15 - (28 - 0))?
19
What is the value of (5 - 1) + 0 + 116 + -128 - 32?
-40
-11 + 4 + (-56 - -63) - -12
12
Evaluate -330 + 319 + ((18 - 4) + 3 - -4).
10
13 - (-14 - (-40 - 29))
-42
What is (13 - (2 - 1)) + -5 + 18 + -16?
9
(-14 - -65) + (38 - 20) + (-6 - 4)
59
What is -182 + -51 + 145 + 69?
-19
What is (-7 + 8 - 7 - (107 - -38)) + 18?
-133
0 + 12 - -3 - (-10 + -39 - -62)
2
74 + -80 + (3 + 1 - 73) + -1
-76
What is the value of 22 + (66 - -10) + -58?
40
What is the value of (124 - (67 + 36)) + (1 - 20)?
2
What is (16 - (13 + 54)) + (12 - (7 - 2))?
-44
Evaluate 13 - (-1 - (-45 + -59)).
-90
Evaluate -3 - 58 - ((-60 - -26 - -26) + -15).
-38
What is -8 - (7 - (-29 - -47)) - -3?
6
-29 + (-28 - -10) - -31
-16
Calculate -54 + -8 + 0 + (31 - (5 - -14)).
-50
Evaluate -1 + 21 + -21 + 34.
33
Evaluate -47 - (-83 - 23 - -39).
20
-18 - -33 - -24 - (-6 - (-9 - 2) - 9)
43
What is the value of (-86 + 31 - -155) + -3?
97
What is (7 - -3 - (-11 + 17)) + 4 + -3 + 51?
56
(-91 - -125) + (-14 - (1 - 8) - -15)
42
What is 36 + -44 + (6 - 17) + 5 + -3 + -12?
-29
What is the value of (0 - (-1 + -10)) + -7 - (-18 + 6)?
16
What is the value of (17 - (-10 - (-5 - (24 - 12)))) + -50?
-40
Calculate 4 + -6 - -12 - 15 - (-30 + -2).
27
Calculate (54 - (-28 - -28)) + -85.
-31
Evaluate -91 + 131 + 48 - 102.
-14
What is -16 - (13 - (-25 + 54) - 36)?
36
Calculate 252 - 301 - (-1 + -42).
-6
Calculate (-3 - (-2 + -14)) + (-4 - -1) + 17.
27
-16 - ((20 - (-31 - -11)) + -38)
-18
Calculate (28 - 3 - (-27 + 41)) + (-11 - -40).
40
What is the value of 5 - ((-99 - -84) + 7 + 1 - 7)?
19
-6 + -108 + (-18 - -4) + (12 - 35)
-151
Evaluate -26 + (7 - (-35 + -1)).
17
What is 18 + (-15 + 10 - (11 - 11)) - -40?
53
What is the value of 55 + -4 - (-420 + 498)?
-27
Calculate 25 + (-25 - 98) + 213.
115
Calculate -8 + -105 + 0 - 2 - ((33 - -1) + -19).
-130
-6 + -14 + -13 + 0 + (11 - 15) + -2
-39
What is the value of -103 + -7 + (178 - 111)?
-43
Evaluate (-2427 - -2412) + -37 + (1 - -1) + (-3 - -1).
-52
What is -42 - -31 - ((13 - 6) + 10 - -8)?
-36
Evaluate 56 - 21 - (-115 - -141).
9
Calculate -12 - 31 - ((-116 - -41) + -30).
62
Calculate (-47 - -161) + -57 + 7.
64
What is (17 + 0 - (9 - 3)) + -24?
-13
Evaluate -65 - (-35 - (-11 + 29 + -46)).
-58
What is the value of (-2 + 10 + -9 + -19 + 8 - -14) + 0?
2
Evaluate (-427 - -416) + -8 + 6 + -27.
-40
What is 19 + 19 + (-56 - -26) + 13?
21
-1 + -74 - ((8 - 0 - 5) + (7 - 20))
-65
Evaluate 43 - (3 - -4 - (1 - (-8 + 10))).
35
-61 + (-24 - (-72 - 8))
-5
(13 - (-31 - -29)) + -18 - (3 + 0 - 72)
66
Evaluate (58 - -2) + ((6 + 14 - 13) + -22 - -12).
57
Calculate -1076 - -1117 - (55 - 7).
-7
Calculate 24 - (-25 + 10 + 52).
-13
What is the value of (-26 - (-1 - 22) - 28) + 111?
80
What is (12 - -1) + -5120 + 5076?
-31
-66 + 83 + (3 + -9 - 41)
-30
What is (-17 - (-3 - 2)) + (-16 + -16 - -18)?
-26
What is the value of -9 - 26 - (-210 - -107)?
68
What is the value of (12 - -127) + (-4 - 48)?
87
-5 - (11 - (11 + 12) - (3 + -30))
-20
Calculate (-71 - (-9 - (-25 - -9)) - 1) + (3 - 1).
-77
What is 8 - (66 + (-35 + 17 - (-12 - -12)))?
-40
What is the value of 46 + 9 - (1 - 9) - 14?
49
What is the value of -22 + 21 + (-31 - -6)?
-26
What is the value of 30 + -73 + 39 - -48?
44
What is the value of (-25 + 9 + -27 - 12) + (3 - -5)?
-47
Calculate 6 + 2 + -13 + (-6 + 11 - -1) + 64.
65
Evaluate -6 + (25 - 17) + (-48 - -10) + 14.
-22
What is the value of 56 + -31 + (7 - (8 - 12))?
36
Evaluate (-7 + 4 - 7) + (52 - -30).
72
-26 + (-16 - -42) + -9
-9
Calculate 43 + -1 - ((-21 - 0) + 2435 + -2413).
41
What is the value of 19 + -42 - (-54 + 13 - -26)?
-8
40 + (-61 + 25 - -2)
6
7 + -43 + 13 + (-12 - -2) + 11
-22
36 + (92 - 190) + 98
36
37 + (15 - 13 - 19) - (0 - 7)
27
What is the value of (119 - 58) + 57 - 54?
64
-8 + -8 + -14 + 33 + -38 + 16
-19
-21 - (79 + 39 - 96)
-43
What is the value of 3 + -4 + 0 - (16 - (15 + 83 + -16))?
65
What is 19 + (-12 - 5) + -1 + 24?
25
What is the value of 24 + -2 + (-56 + -58 - -96)?
4
What is the value of -6 + 89 + (0 - -5) - (17 - (-16 + 41))?
96
What is the value of 4 + -5 + -1 - ((-8 - (2 + 16)) + 17)?
7
Calculate (-18 - (-75 - -7)) + -19.
31
Calculate (16 + -29 - (2 - (-18 - -8))) + (9 - 0).
-16
45 + 7 + -31 + 25
46
41 + 58 + -124 + (29 - 0)
4
-17067 + 17189 - (-13 - 0)
135
What is the value of (173 - (26 - -190)) + -2 + 125?
80
Evaluate -42 + -85 + (0 - 2) - -14 - (16 + -8).
-123
What is the value of -117 + (-22 - (70 - 116))?
-93
What is -8 - -19 - 50 - -30?
-9
Calculate 18 + 0 + -16 + 4 - (-1 - -28).
-21
22 + -21 + -10 + 39
30
Evaluate -28 + 130 + -108 - (0 - -17 - -1).
-24
(13 - 4) + 1 - (0 + (-4 - 8))
22
Evaluate -26 + (3 - (-1 + 13 + -7 + -12)).
-16
What is the value of -28 + 2 + (-6 - -23 - -17) + -24?
-16
Wh